2*m + 11 + 8 - 26*m. List the prime factors of l(8).
139
Suppose 3*h + 7527 = 3*m, -2*h = -5*m + 2*h + 12542. List the prime factors of m.
2, 7, 179
Let i be -1 + -3 - (-9 + 1). Suppose 2*j + 249 = 4*z - j, i*z + 2*j - 254 = 0. List the prime factors of z.
3, 7
Let m = 1 - 4. What are the prime factors of 19/(1 - 3 - m)?
19
Suppose -162*r - 705 = -167*r. List the prime factors of r.
3, 47
Suppose 54 = -2*r + 64. Suppose -r*i - 4*z - 6 = -90, z = i - 15. What are the prime factors of i?
2
Let t = -154 - -440. What are the prime factors of t?
2, 11, 13
List the prime factors of ((-164)/(-1) + (-4 - -5))*5.
3, 5, 11
Let j = -2 + -3. Let h(w) = -2*w**2 - 11*w + 12. Let r(n) = -n**2 - 6*n + 6. Let p(v) = -6*h(v) + 11*r(v). List the prime factors of p(j).
19
Suppose -27*p + 22*p + 1720 = 0. What are the prime factors of p?
2, 43
Let q be ((-10)/6)/(1 - 33/36). List the prime factors of (-1)/((-6)/(-21))*q.
2, 5, 7
Let b(n) = 2*n**3 - 12*n**2 - n - 7. Let l be b(9). Suppose -5*d + 5 + l = 4*z, -3*d - z = -292. List the prime factors of d.
3, 11
Let u = -13 + 8. Let l(c) = -2*c - 5. Let s be l(u). Let w = s + 12. List the prime factors of w.
17
Let j be 6/(-2) - (-20)/(-4). Let c = -1 - j. Suppose -c*f + 8 = -3*f. List the prime factors of f.
2
Let l(c) be the first derivative of -c**3/3 + 3*c**2 + 2*c + 3. Let w be l(7). What are the prime factors of w*((-1 - -2) + -8)?
5, 7
Let k(d) = -12*d**3 - 2*d**2. Let f be k(-2). Suppose 3*h = 3*z - 189, -f = -4*z + 3*h + 161. List the prime factors of z.
2, 3, 5
Let s be (1956/8)/((-3)/(-4)). Suppose 3*r - n - 3*n = 328, 3*r - 2*n = s. List the prime factors of r.
2, 3
Let l be (3/9)/(1/12). Let v be 1/3*l*3. Let x = v + -2. What are the prime factors of x?
2
Let z(c) = 6*c**2 - 9*c + 2. What are the prime factors of z(-6)?
2, 17
Let i = 33 - 28. Suppose i*m = 5, -3*t + 3*m + 11 = -22. What are the prime factors of t?
2, 3
What are the prime factors of (-6)/(-15) + (39456/(-30))/(-2)?
2, 7, 47
Suppose -4*z = 5*v + 870, 3*v = z - v + 228. Let h be ((-3)/2)/((-33)/z). Let r(x) = x**3 + 11*x**2 + 8*x + 7. What are the prime factors of r(h)?
3
Let s(o) = o + 4 - 4 - 4 - 3. Let c be s(0). List the prime factors of (-31)/c + (-12)/28.
2
Let r(v) = 505*v**3 - 5*v**2 + 3*v + 1. List the prime factors of r(1).
2, 3, 7
Suppose 4 + 9 = p. Suppose -77 = -p*o + 6*o. List the prime factors of o.
11
Let t be ((-4)/(-6))/((-17)/(-255)). Let i = -8 + t. Suppose h - i*d + d - 81 = 0, -15 = 3*d. What are the prime factors of h?
2, 19
Let o(d) = d**3 + 5*d**2 - 1. Let q(z) = -z - 7. Let v be q(-5). What are the prime factors of o(v)?
11
List the prime factors of (6 - 9824/40)*(3 - 13).
2, 599
Let n(z) be the third derivative of -z**6/120 - z**5/20 + z**4/2 + 31*z**3/6 + 8*z**2 + z. List the prime factors of n(-6).
67
Suppose -279 = -2*d - 59. Let f(v) = -v**3 - 7*v**2 + 6*v - 9. Let g be f(-7). Let h = g + d. What are the prime factors of h?
59
Suppose 2*m = -q + 5*q - 2, -2*m = -2*q - 2. Let z be (2/(-4))/((-1)/q). Let s = 19 - z. What are the prime factors of s?
2, 3
What are the prime factors of ((-7188)/8)/(5 + 22/(-4))?
3, 599
Suppose 8*h - 5*h = 6. Let z(d) = 9*d + d - d**3 - 4 + 19 + 1 + 10*d**h. List the prime factors of z(11).
5
Let g be 9338/(-18) + 6/(-27). List the prime factors of (g/(-6) - (-3)/(-6)) + -2.
2, 3, 7
Let d = -7 - -6. Let q be d/3*(-54)/3. What are the prime factors of (18/(-15))/(q/(-225))?
3, 5
Suppose -2*t + 380 = -1590. What are the prime factors of t?
5, 197
Suppose 3*c + 6 = 0, 12 - 2 = 4*w + 3*c. Suppose 0*g - w*g = 32. What are the prime factors of 2/g - (-136)/32?
2
Suppose -21*c - 210 = -23*c. Let g be (-3)/9 - c/9. What are the prime factors of ((-208)/(-64))/((-1)/g)?
3, 13
Suppose -30*s + 2740 = -22790. What are the prime factors of s?
23, 37
Suppose 14 + 6 = l. Suppose 4*m - h - 12 = m, -5*m + l = -4*h. Suppose m*i - 3*i - 40 = 0. What are the prime factors of i?
2, 5
Suppose 5*i = 2*k + 43, 5*i - 6*k - 55 = -k. Let s(r) = 14*r + 54. What are the prime factors of s(i)?
2, 19
Let b(y) = y**3 + 5*y**2 - 6*y + 4. Let r be b(-6). Let w be ((-2)/(-4))/(r/64). Suppose -w*x = -10*x + 100. List the prime factors of x.
2, 5
Let t = 49 - 57. List the prime factors of (-46)/2*(1 + t).
7, 23
Let z(y) = 2*y**2 + 12*y + 13. Suppose -5*i - 5*s - 60 = 0, 23 = -3*i - 4*s - 18. List the prime factors of z(i).
3
Suppose 5*c - 2*m = 23456, -7*c = -6*c - m - 4690. What are the prime factors of c?
2, 3, 17, 23
Let n = 150 - 145. Suppose -n*v - 2*j + 705 = -j, v - 3*j = 157. List the prime factors of v.
2, 71
Suppose 2114 - 6092 = 2*g. What are the prime factors of g/(-30)*2 + 9/(-15)?
2, 3, 11
Let u(l) = 8*l - 9. Suppose -3*a + 27 = -3*h + 4*h, 4*a - 41 = -3*h. What are the prime factors of u(a)?
5, 11
What are the prime factors of 12590/3 + (168/18)/7?
2, 2099
Suppose -t = -0 + 2, 0 = -2*r - 3*t + 5726. List the prime factors of r.
2, 1433
Suppose -2*u + 0*k = 5*k + 695, -u = -2*k + 343. Let c be 2/(-7) + u/(-105). What are the prime factors of 3/(c - 2) + 17?
2, 5
Let h(g) = g**3 - 2*g - 3. Let y = 9 + -3. Suppose 4*l = 2*l + y. What are the prime factors of h(l)?
2, 3
Let s(i) = -i**2 + 32*i + 36. What are the prime factors of s(24)?
2, 3, 19
Suppose -8*o + 10794 = 2*v - 13*o, 2*v + o - 10818 = 0. List the prime factors of v.
5407
List the prime factors of 116*((-125)/(-10) + 0).
2, 5, 29
Suppose -3*g = 4 + 2, 3*g = -3*x. Let l(s) be the second derivative of s**5/20 + s**4/12 + s**3/3 - s. What are the prime factors of l(x)?
2
Suppose 5*l = 3*u - 105, -3*u - 52 + 13 = 3*l. Let f = -16 - l. Suppose 3 + 5 = f*v. What are the prime factors of v?
2
Suppose 0 = x - 3*x - 4*x. What are the prime factors of (1 - 61*-2) + x?
3, 41
Suppose 3*z + 69 = 327. List the prime factors of z.
2, 43
Let v(i) = i**2 - 7*i + 6. Let p = 57 - 48. List the prime factors of v(p).
2, 3
Let v be (2 - -1)/((-12)/(-16)). Suppose 0 = 5*j - v*j - 3. List the prime factors of j*((-123)/(-9) - 1).
2, 19
Suppose -11*c = -3355 - 4466. List the prime factors of c.
3, 79
Suppose 8*y + 374 - 1254 = 0. What are the prime factors of y?
2, 5, 11
Let v = 646 - 297. List the prime factors of v.
349
Suppose -3*k + 5 = -8*k + 5*n, -5*k + 3*n = -3. Suppose 19 = h + k*d, h = 2*h - 5*d - 35. What are the prime factors of h?
5
Let g = -10 - -13. Let f be 6/(-4)*-6 - g. Suppose f*s = 3*s + 66. What are the prime factors of s?
2, 11
What are the prime factors of (102/(-12) + 11)/((-2)/(-916))?
5, 229
Suppose 415 = 6*v - 437. Suppose v = 2*x + s, 130 = 2*x - 0*s - 5*s. What are the prime factors of x?
2, 5, 7
Let n = 44 + 379. Suppose 6*k + 27 = n. What are the prime factors of k?
2, 3, 11
What are the prime factors of (3128/2 + 4)*1?
2, 7
Let s = 16 + -29. Let z = 11 + s. List the prime factors of 19 + 1 + z + 4.
2, 11
Suppose 3*o - 3 = 12. Suppose o*i + a - 608 = 0, i = 3*a - 0*a + 128. Suppose k - 14 = -2*x, -5*k + 3*x = -0*k - i. List the prime factors of k.
2, 11
Let j = -157 - -229. Let u = -50 + j. What are the prime factors of u?
2, 11
Suppose -32 + 2 = -2*b. Suppose 0 = 3*a + 4*q - 126 + b, q = 0. What are the prime factors of 6/(-21) - a/(-7)?
5
Let a be (2/(-5))/((-20)/200). Suppose c = -2*p + 33, -1 = c - a*p - 28. List the prime factors of c.
31
What are the prime factors of (-8 + 8 - -4837) + 7?
2, 7, 173
Let s be (-3)/(3/(-2)) + (1 - 0). Suppose -s*j = 2*m + m - 129, 4*j - 202 = 2*m. List the prime factors of j.
2, 3
Let m(g) = 3*g**2 + 9*g + 12. Let n be m(-2). List the prime factors of n/10 - (-161)/(-35) - -160.
2, 3, 13
Suppose -2*i = -z, i + 3*z - 6 = 2*z. Suppose 4*o + 20 = -4*d, -5*o - 1 - 9 = i*d. Suppose o = -5*k + 71 - 6. List the prime factors of k.
13
Let x = -3215 + 5954. What are the prime factors of x?
3, 11, 83
Suppose -5*j + 2*u + 2279 = 0, j = -3*u + 464 - 15. What are the prime factors of j?
5, 7, 13
Let c(t) = -t**3 + 36*t**2 + 27*t - 3. List the prime factors of c(36).
3, 17, 19
Suppose -5*r + 19 = -2*o, -3*r + 17 = -3*o - o. Suppose r*u - 7*u = -280. What are the prime factors of u?
2, 5, 7
Let n be (3 - 2/1) + 171. List the prime factors of (4 - 8 - -5) + n.
173
Let n(i) be the second derivative of 19*i**4/12 + i**2/2 - 3*i. Let l be (-4)/18 - 22/(-18). What are the prime factors of n(l)?
2, 5
Suppose -5*u - f + 165